ue
Does 98 divide 232534332?
False
Is 459663435 a multiple of 231?
True
Is 658284340 a multiple of 1682?
True
Is 24 a factor of 177823796?
False
Is 146507596 a multiple of 4835?
False
Does 587 divide 71651334?
False
Is 42 a factor of 533737260?
True
Does 547 divide 13218257?
False
Is 6 a factor of 24825507?
False
Is 136095559 a multiple of 131?
False
Is 218156281 a multiple of 1033?
False
Is 326 a factor of 59270337?
False
Is 3145 a factor of 3098597044?
False
Is 180796181 a multiple of 1855?
False
Is 116051898 a multiple of 4?
False
Is 382 a factor of 742150746?
True
Is 22057799 a multiple of 6?
False
Does 194 divide 92602602?
True
Does 257 divide 100212988?
False
Does 90 divide 669398850?
True
Does 107 divide 56595296?
True
Does 834 divide 15391470?
True
Is 25122376 a multiple of 8?
True
Is 2215096704 a multiple of 778?
True
Does 48 divide 1690564992?
True
Does 87 divide 1044489137?
False
Is 19 a factor of 57166081?
False
Is 1559707602 a multiple of 138?
True
Is 57225397 a multiple of 45?
False
Is 61217647 a multiple of 38?
False
Is 8097440 a multiple of 1832?
True
Does 1336 divide 833429455?
False
Is 1489 a factor of 11314911?
True
Is 4 a factor of 573911064?
True
Is 9120882 a multiple of 186?
True
Is 66 a factor of 173137668?
True
Does 1731 divide 339828189?
True
Is 20299095 a multiple of 317?
True
Is 360333919 a multiple of 550?
False
Is 6 a factor of 5771519?
False
Does 130 divide 1085258200?
True
Is 5370750 a multiple of 25?
True
Is 1337 a factor of 347047090?
False
Is 91 a factor of 310204598?
False
Does 64 divide 1038703616?
True
Is 198564624 a multiple of 72?
True
Is 5684030 a multiple of 22?
True
Does 1160 divide 4318521?
False
Does 14 divide 890944?
False
Is 257712108 a multiple of 393?
True
Does 3 divide 4631189?
False
Is 1531492180 a multiple of 262?
True
Is 40709760 a multiple of 15?
True
Does 129 divide 184764637?
False
Is 1840021542 a multiple of 54?
True
Does 162 divide 149406699?
False
Does 12 divide 36257131?
False
Does 156 divide 3872167?
False
Is 6159 a factor of 936531767?
False
Is 118 a factor of 57687256?
False
Does 1138 divide 541724416?
True
Is 54 a factor of 3288854?
False
Is 2351 a factor of 488790505?
False
Is 7488786 a multiple of 29?
True
Does 67 divide 194903157?
False
Is 330 a factor of 46558375?
False
Is 24662024 a multiple of 466?
False
Is 83 a factor of 12930708?
False
Does 3793 divide 444448568?
True
Is 37173045 a multiple of 7?
True
Is 204038048 a multiple of 10?
False
Is 12 a factor of 57790693?
False
Does 47 divide 68907029?
True
Is 28187542 a multiple of 4?
False
Is 305 a factor of 19357130?
True
Does 5068 divide 848099392?
True
Is 3998161068 a multiple of 11?
True
Is 70427700 a multiple of 1057?
False
Is 679 a factor of 146688070?
False
Is 14181425 a multiple of 421?
False
Does 1593 divide 20958452?
False
Is 128 a factor of 1051286400?
True
Is 2599 a factor of 46123896?
False
Is 2182671 a multiple of 23?
False
Does 1020 divide 1509705060?
True
Is 71 a factor of 63527985?
False
Does 42 divide 19455995?
False
Is 906 a factor of 102611441?
False
Does 21 divide 391248911?
False
Does 23 divide 14523212?
True
Does 847 divide 680917891?
False
Is 2107859800 a multiple of 110?
False
Is 103 a factor of 28498967?
True
Does 2669 divide 188732997?
True
Is 573 a factor of 1548699155?
False
Does 21 divide 308205516?
False
Is 426254102 a multiple of 563?
False
Is 22215176 a multiple of 261?
False
Does 7 divide 87371529?
True
Is 28908230 a multiple of 590?
True
Does 9 divide 101451613?
False
Is 36804102 a multiple of 3?
True
Is 10 a factor of 536794189?
False
Is 8594672 a multiple of 464?
True
Is 107327631 a multiple of 92?
False
Does 278 divide 3166049704?
True
Does 20 divide 124954160?
True
Is 42 a factor of 1860817560?
True
Is 11 a factor of 50327112?
True
Does 6 divide 19373291?
False
Is 72189856 a multiple of 314?
True
Is 95145765 a multiple of 165?
True
Is 23547132 a multiple of 27?
True
Is 29923372 a multiple of 298?
True
Is 164044964 a multiple of 212?
True
Is 50415464 a multiple of 735?
False
Is 119536832 a multiple of 305?
False
Is 114355349 a multiple of 7?
False
Is 8982514 a multiple of 19?
False
Does 727 divide 413726671?
False
Is 568138140 a multiple of 5310?
True
Is 17965452 a multiple of 6?
True
Does 1143 divide 37876399?
False
Is 11 a factor of 192085873?
False
Is 1368 a factor of 51890770?
False
Is 1781793462 a multiple of 9?
False
Is 23257626 a multiple of 17?
False
Is 176286500 a multiple of 2932?
True
Does 549 divide 201772323?
True
Does 28 divide 307253380?
True
Does 2276 divide 959793752?
True
Does 6 divide 16100472?
True
Is 77018418 a multiple of 369?
True
Is 96488710 a multiple of 67?
True
Is 55 a factor of 189477512?
False
Is 10 a factor of 5410?
True
Is 1191 a factor of 304354006?
False
Is 168 a factor of 55654568?
False
Is 69 a factor of 35919399?
True
Is 101801200 a multiple of 133?
False
Is 4149856 a multiple of 82?
True
Is 12 a factor of 303859959?
False
Is 4127384 a multiple of 30?
False
Is 27 a factor of 7702560?
True
Is 67690052 a multiple of 115?
False
Does 506 divide 1034283914?
False
Does 50 divide 4197498?
False
Does 5 divide 4957385?
True
Is 10 a factor of 27388505?
False
Is 22 a factor of 122250986?
True
Is 14074496 a multiple of 31?
True
Is 15 a factor of 53055660?
True
Does 92 divide 863961?
False
Is 1084146672 a multiple of 29?
True
Does 16 divide 321623726?
False
Is 12 a factor of 23702460?
True
Is 485539965 a multiple of 9?
True
Is 3 a factor of 105123?
True
Is 2703534200 a multiple of 1208?
True
Is 587 a factor of 71531641?
False
Is 58 a factor of 14639667?
False
Is 5434711 a multiple of 3?
False
Is 253157813 a multiple of 584?
False
Is 3005 a factor of 2046846735?
True
Does 14 divide 12670770?
True
Is 134 a factor of 42700588?
False
Is 384 a factor of 9071232?
True
Does 57 divide 8390571?
True
Is 123 a factor of 568705874?
False
Does 55 divide 912945?
True
Is 2764 a factor of 875107450?
False
Is 1919043752 a multiple of 74?
False
Is 49754752 a multiple of 32?
True
Does 361 divide 76742824?
True
Is 73266754 a multiple of 33?
False
Is 1858702380 a multiple of 150?
False
Does 121 divide 28900245?
True
Is 23707792 a multiple of 411?
False
Is 10934154 a multiple of 99?
True
Does 292 divide 9980337?
False
Does 359 divide 462709324?
False
Is 9261373 a multiple of 70?
False
Is 49 a factor of 118063491?
True
Is 1784868 a multiple of 177?
True
Does 92 divide 109492420?
True
Is 259 a factor of 40662223?
True
Is 20 a factor of 6993800?
True
Is 11608786 even?
True
Is 14433222 a multiple of 12?
False
Does 603 divide 34175025?
True
Is 562494014 a multiple of 151?
False
Is 34 a factor of 5400786?
False
Is 16 a factor of 63808?
True
Is 1189855211 a multiple of 5?
False
Does 1012 divide 12572075?
False
Does 30 divide 818097698?
False
Does 2300 divide 37664713?
False
Does 34 divide 24395850?
True
Does 2214 divide 3878928?
True
Does 14 divide 4427917?
False
Is 72083522 a multiple of 1116?
False
Does 347 divide 1169390?
True
Is 27 a factor of 29942618?
False
Is 4584 a factor of 146303111?
False
Is 1468 a factor of 59254057?
False
Does 15 divide 106931930?
False
Is 1668 a factor of 7358203?
False
Does 83 divide 7200665?
True
Does 454 divide 53471212?
True
Does 1909 divide 1632985593?
False
Does 25 divide 6157114050?
True
Is 1265622911 a multiple of 13?
False
Does 137 divide 30094927?
True
Does 8 divide 243115014?
False
Does 48 divide 222320544?
True
Does 551 divide 24308467?
True
Is 39 a factor of 817573731?
True
Does 175 divide 67002250?
True
Is 998 a factor of 995509990?
True
Is 1559380056 a multiple of 24?
True
Does 28 divide 107535689?
False
Is 346625123 a multiple of 109?
True
Does 4065 divide 146292688?
False
Is 28 a factor of 296012390?
False
Does 5024 divide 388518703?
False
Does 34 divide 614928726?
True
Does 14 divide 140320292?
True
Does 124 divide 46797412?
False
Is 111 a factor of 40405373?
False
Does 1242 divide 33309699?
False
Is 15 a factor of 467304388?
False
Is 75 a factor of 80247000?
True
Is 66 a factor of 4523082182?
False
Is 1070573592 a multiple of 124?
True
Is 2406 a factor of 4864932?
True
Is 599 a factor of 2509357156?
True
Is 15269672 a multiple of 1298?
True
Is 7024148 a multiple of 3?
False
Is 588 a factor of 15995102?
False
Is 10328178 a multiple of 14?
True
